11504365
In base 7, what is -5 + -3064042156?
-3064042164
In base 10, what is -7 - -11293058?
11293051
In base 15, what is -1 - 17051e3?
-17051e4
In base 14, what is 34905b + 0?
34905b
In base 2, what is -100 + -11001010011001110111101?
-11001010011001111000001
In base 13, what is -4671 + 1c4?
-447a
In base 6, what is 2120212 + -2035?
2114133
In base 6, what is 5 + 141114503?
141114512
In base 14, what is 12c1d74 - 4?
12c1d70
In base 5, what is -214 + 24422?
24203
In base 8, what is 2334456 + 37?
2334515
In base 2, what is -11000010110010010 - 10001011111?
-11000100111110001
In base 7, what is 66 - -5166513?
5166612
In base 15, what is b505b0 + 27?
b505d7
In base 7, what is 125254143 + -2?
125254141
In base 13, what is 1870b609 + -3?
1870b606
In base 16, what is -24ccae + -1b?
-24ccc9
In base 4, what is -22133113301231 - 0?
-22133113301231
In base 10, what is -45029012 + -7?
-45029019
In base 2, what is -11001 - 101111100000110101000010?
-101111100000110101011011
In base 7, what is -224 + -10460505?
-10461032
In base 9, what is 486411723 - -1?
486411724
In base 16, what is -14 - -f88ec?
f88d8
In base 10, what is -372 - 105588?
-105960
In base 6, what is -21251030 + 102?
-21250524
In base 9, what is 3 - 6277440?
-6277436
In base 9, what is 44 + 445182?
445236
In base 16, what is -2f73c - -4?
-2f738
In base 14, what is 95 - -194735?
1947ca
In base 11, what is -2 - 525597a7?
-525597a9
In base 7, what is 5151 - 22662?
-14511
In base 3, what is 11 + 11000011112111?
11000011112122
In base 6, what is 130 + 23413045?
23413215
In base 14, what is 5 + -81d7?
-81d2
In base 5, what is 2 - -2033443221?
2033443223
In base 9, what is -31821 + 1564?
-30246
In base 14, what is 26b + -3cc4?
-3a57
In base 8, what is 11550331 - -26?
11550357
In base 4, what is -2223202121132 - 1?
-2223202121133
In base 8, what is 355 + -1163777?
-1163422
In base 7, what is 240010 - -33?
240043
In base 3, what is 102211 - -2211111010102?
2211111120020
In base 16, what is -3b4e - 4fd?
-404b
In base 14, what is 0 - -48d7237?
48d7237
In base 12, what is -10 + -299aa02?
-299aa12
In base 14, what is 15 - 1b18c?
-1b177
In base 16, what is 24894 - 20?
24874
In base 9, what is 2761386 - -10?
2761406
In base 4, what is -1332100 + -311111?
-2303211
In base 13, what is -b9aa53c + -b?
-b9aa54a
In base 9, what is 6063614 + 1?
6063615
In base 6, what is -32414335505 - 1?
-32414335510
In base 15, what is -5 + -301643d?
-3016443
In base 3, what is -101022112021011 - -11111?
-101022112002200
In base 11, what is -508650132 + -4?
-508650136
In base 7, what is 1062046 + 31?
1062110
In base 15, what is -5777 - -a76?
-4c01
In base 11, what is 2a7a1 - 598?
2a204
In base 3, what is 1020002011001201 + 11?
1020002011001212
In base 15, what is -23eea7 + -2b?
-23eed3
In base 11, what is 6266 + 375?
6630
In base 10, what is -13 + 686764?
686751
In base 13, what is 26c + b20?
108c
In base 12, what is 21 - -6528?
6549
In base 7, what is -14520424 - -13?
-14520411
In base 4, what is 2033121023 - -12311?
2033200000
In base 10, what is -2575459 + 313?
-2575146
In base 9, what is -1615548 + -33?
-1615582
In base 6, what is 51411042 - -1?
51411043
In base 12, what is -3 + 307771?
30776a
In base 4, what is 123112 + 2023030?
2212202
In base 4, what is 2122311201 + 2310?
2122320111
In base 2, what is -101 + 11001100111000000101001100?
11001100111000000101000111
In base 9, what is -138435531 - -5?
-138435525
In base 6, what is -2 + 122305011?
122305005
In base 16, what is -7686 + -62?
-76e8
In base 11, what is -a208099 - -5?
-a208094
In base 10, what is 70694 + -7014?
63680
In base 2, what is -10110011 - 10100001100101100000?
-10100001101000010011
In base 9, what is -204 - 35874?
-36178
In base 6, what is -3352 - -31100?
23304
In base 7, what is -3 + -13201203?
-13201206
In base 16, what is e + 468c4?
468d2
In base 2, what is -11010100011010100101 + -11000010?
-11010100011101100111
In base 10, what is 1 - -16740662?
16740663
In base 6, what is 1 - 1312100313?
-1312100312
In base 3, what is 211001222010001 - 1212?
211001222001012
In base 9, what is -186406468 + -2?
-186406471
In base 9, what is 3 - -4687020?
4687023
In base 7, what is -6535 + 3351340?
3341502
In base 13, what is -1 + 10b899a?
10b8999
In base 15, what is 3bb3 - 12c?
3a86
In base 5, what is 10 - 24413434232?
-24413434222
In base 6, what is 302501112 - -124?
302501240
In base 15, what is 1e - -a627d?
a629c
In base 10, what is -21382167 + -8?
-21382175
In base 13, what is 871161b + 6?
8711624
In base 11, what is 2a981 - 367?
2a615
In base 3, what is 20 + -22201122020?
-22201122000
In base 11, what is -3135138 - 4?
-3135141
In base 13, what is 4 + b018b?
b0192
In base 4, what is 132 + -2012000212?
-2012000020
In base 4, what is 12330 + -112321222?
-112302232
In base 2, what is -10101110110111 + -100001101000000?
-110111011110111
In base 15, what is 10d62cd + 7?
10d62d5
In base 13, what is 238ca - -60?
2395a
In base 9, what is -22371466 - 2?
-22371468
In base 6, what is 0 - 23055155525?
-23055155525
In base 4, what is -1320113100101 + -2?
-1320113100103
In base 12, what is -88 - -19129?
19061
In base 2, what is 11111 + -1000000011100011001?
-1000000011011111010
In base 14, what is ba8 + -2b940?
-2ab76
In base 11, what is 1326586 - -8?
1326593
In base 3, what is -12202 + -1201121210?
-1201211112
In base 10, what is -2731 - -13608?
10877
In base 9, what is 252831 + -1170?
251651
In base 7, what is 12 - -23206653?
23206665
In base 4, what is -2 + -21232331023220?
-21232331023222
In base 8, what is 2210 - 262074?
-257664
In base 12, what is 126a8b + 1b?
126aaa
In base 7, what is -40456322 + 3?
-40456316
In base 14, what is -72bd891 + 1?
-72bd890
In base 16, what is 4e + -405e4?
-40596
In base 3, what is 0 + 100112022001220?
100112022001220
In base 16, what is 13e8bd - 4f?
13e86e
In base 8, what is 2220 + -414367?
-412147
In base 3, what is -100 - 12002101120022022?
-12002101120022122
In base 3, what is 10 + -1200100210200220?
-1200100210200210
In base 2, what is 1000101110100 - -110110000111?
1111011111011
In base 5, what is -4 - 3133122?
-3133131
In base 15, what is -2 - 362727?
-362729
In base 12, what is -28 - -81173?
81147
In base 14, what is 9 - -76b725?
76b730
In base 16, what is -d0c + 34a6?
279a
In base 4, what is -21 - -1211301003?
1211300322
In base 14, what is -41d504 - -1?
-41d503
In base 16, what is fd696 + -9c?
fd5fa
In base 15, what is 1205419 - -11?
120542a
In base 15, what is 4 + -97c8d?
-97c89
In base 6, what is -11020215 - 114?
-11020333
In base 4, what is 10113231030 + 21?
10113231111
In base 9, what is -83773866 - 1?
-83773867
In base 9, what is 24358 + -2573?
21675
In base 7, what is -1305645342 - 11?
-1305645353
In base 15, what is 1624 + 31b4?
47d8
In base 6, what is -15322 - 2040552?
-2100314
In base 5, what is 2143424 + 132?
2144111
In base 5, what is 2 - 231423030?
-231423023
In base 12, what is -a84 - 1a5b?
-2923
In base 14, what is -25b351 + 102?
-25b24d
In base 2, what is 11001100010011 - 111100010?
11000100110001
In base 11, what is -332a26 + -477?
-3333a2
In base 3, what is 200110012111 + -212?
200110011122
In base 2, what is 11110101 + -10001001100101011001?
-10001001100001100100
In base 15, what is -35d9619 + -4?
-35d961d
In base 11, what is 11 + 23992a46?
23992a57
In base 12, what is -5 + -a4967813?
-a4967818
In base 12, what is 10b - 21022?
-20b13
In base 4, what is 1 - -31033221210220?
31033221210221
In base 10, what is -4508900 - 6?
-4508906
In base 11, what is 1a2a9 - -4357?
23655
In base 6, what is 203014432 - -5?
203014441
In base 2, what is 1100 + -110110011000011110110?
-110110011000011101010
In base 6, what is 4233451510 - -1?
4233451511
In base 16, what is 1b4e41 - -7?
1b4e48
In base 6, what is 125451205 + 12?
125451221
In base 12, what is -17 - 104792?
-1047a9
In base 9, what is -2 - -405173668?
405173666
In base 11, what is 1a46 - -124677?
126612
In base 11, what is 3449678 + -4?
3449674
In base 10, what is 7490 + 175?
7665
In base 16, what is -6d + -968ed?
-9695a
In base 6, what is -5305100553 - 0?
-5305100553
In base 4, what is 312301101311 - 2?
312301101303
In base 14, what is -4bc38 - 95?
-4bccd
In base 9, what is -7522 - 103?
-7625
In base 12, what is -15 + 695412a?
6954115
In base 8, what is 24536767 - 10?
